What is 397260 (base 12) in base 10?
945576
-130225035 (base 6) to base 16
-26bcaf
Convert 1200301322 (base 4) to base 11.
250913
Convert -1314399 (base 13) to base 6.
-332051010
-148a5b8 (base 14) to base 15
-d2cdcc
Convert -1a4ab90 (base 14) to base 9.
-26562625
41243041 (base 5) to base 4
1102111313
What is 111230551 (base 6) in base 10?
2025859
13414567 (base 8) to base 12
1018447
What is -302c79 (base 13) in base 14?
-212449
Convert -220112011202 (base 3) to base 2.
-1110101110110100110
Convert 2d576 (base 14) to base 6.
2233512
10543441 (base 6) to base 12
137b81
Convert -3138178 (base 10) to base 13.
-85b514
-1100012210002 (base 3) to base 16
-ae062
What is -3ca54 (base 15) in base 11?
-123314
Convert 909132 (base 12) to base 7.
25111664
-2011556 (base 7) to base 11
-153072
What is -11522688 (base 9) in base 11?
-31a1aa6
Convert -41202241 (base 5) to base 9.
-560104
What is -10432a0 (base 13) in base 4?
-102320002100
-113086 (base 9) to base 13
-24b82
-1034465 (base 8) to base 11
-179a57
Convert -2103332001 (base 4) to base 11.
-3843a3
-4156315 (base 9) to base 10
-2222249
Convert -4579b2 (base 13) to base 4.
-12101213132
152735 (base 10) to base 11
a4830
Convert -34433a6 (base 13) to base 9.
-33238280
What is -110120033010 (base 4) in base 12?
-1957630
10001010001110010000 (base 2) to base 3
1001202121220
8cf03 (base 16) to base 13
1729b5
What is 46c6c (base 13) in base 3?
20120200221
Convert 9151076 (base 10) to base 6.
524050032
What is -100110001110001000 (base 2) in base 16?
-26388
What is -2005354 (base 7) in base 15?
-4a434
What is -216016 (base 8) in base 12?
-360ba
Convert 713100 (base 9) to base 12.
184390
What is 110011000101000101 (base 2) in base 6?
4252341
-66023611 (base 7) to base 2
-10101100100001100100101
16564234 (base 8) to base 11
21a760a
9c29d0 (base 15) to base 16
71b0dd
Convert -483c56 (base 13) to base 3.
-10020111121202
Convert -1837a6a (base 12) to base 6.
-300143014
Convert -7aeb2 (base 16) to base 2.
-1111010111010110010
1114574 (base 11) to base 2
111011100110111101111
1000111101110011101 (base 2) to base 14
790cd
Convert 4146320 (base 8) to base 6.
35333132
What is 10011000100011110100 (base 2) in base 12?
261758
99521 (base 16) to base 12
263515
5646226 (base 8) to base 3
2212120120010
What is -401766 (base 8) in base 2?
-100000001111110110
What is 434050412 (base 6) in base 2?
11101100100011101101000
What is -10b0626 (base 14) in base 5?
-4014001242
What is -2935d (base 15) in base 12?
-64744
Convert -212b13 (base 12) to base 2.
-1111111110010111111
Convert 11012222021022 (base 3) to base 14.
42577c
Convert -361495 (base 10) to base 15.
-7219a
Convert 120227 (base 15) to base 16.
d23b8
What is -2c319 (base 14) in base 9?
-177354
What is 48ab5 (base 13) in base 15?
29908
77d338 (base 14) to base 2
1111100001101001100110
Convert -208499 (base 10) to base 2.
-110010111001110011
What is 6db56 (base 15) in base 2?
1010101011111100101
Convert -12302454 (base 6) to base 11.
-251459
What is -582a3 (base 13) in base 12?
-79104
What is -32626 (base 8) in base 12?
-7b32
What is -143353 (base 9) in base 16?
-156db
What is -252471 (base 8) in base 4?
-111110321
What is -27117b (base 15) in base 8?
-7121551
1101010111111 (base 2) to base 15
2067
What is 6acd1 (base 14) in base 8?
774567
What is -56177 (base 16) in base 7?
-2666036
1100101101000100100 (base 2) to base 9
704036
403627 (base 8) to base 5
13224030
Convert -10020212020 (base 3) to base 6.
-1212310
What is 387837 (base 9) in base 10?
235420
Convert 1349881 (base 13) to base 16.
5cb702
Convert 11001111101110100111 (base 2) to base 6.
30123051
What is 10101010011010100011010 (base 2) in base 4?
111103110122
-1a90858 (base 13) to base 7
-134532524
1471276 (base 8) to base 15
8532a
12303031 (base 5) to base 8
350545
2450636 (base 8) to base 15
d5589
What is 13b5e5 (base 16) in base 12?
523659
Convert 1101120112 (base 3) to base 7.
142601
Convert -33524 (base 12) to base 7.
-402442
Convert 360052 (base 9) to base 14.
58cc8
What is 23220513 (base 7) in base 2?
111110001101110110000
What is 2226071 (base 10) in base 16?
21f797
Convert -1697128 (base 10) to base 11.
-a5a094
What is 10000110101001001011 (base 2) in base 10?
551499
Convert -4d92a (base 16) to base 9.
-533762
6503666 (base 8) to base 9
3240014
-233215413 (base 7) to base 16
-db974a
Convert 100010001110110000011100 (base 2) to base 6.
520155124
What is 991911 (base 11) in base 8?
6025054
Convert 4725425 (base 8) to base 7.
13645651
Convert -1660848 (base 12) to base 5.
-2134321400
Convert 23313302222 (base 4) to base 10.
3112106
Convert -793c7 (base 13) to base 12.
-a7642
Convert 100101021100101 (base 3) to base 2.
10011000001000101000011
What is -2a26b49 (base 12) in base 2?
-100000011110100011101001
What is -121020212120201 (base 3) in base 5?
-4202411340
-41003005 (base 6) to base 9
-2167805
Convert -3515253 (base 7) to base 13.
-125ab1
What is 53b1c (base 16) in base 6?
11203032
What is -110012003 (base 4) in base 9?
-134812
10222202021 (base 3) to base 4
103023112
Convert 14153665 (base 10) to base 6.
1223210121
What is -30933a2 (base 11) in base 13?
-118b0c7
What is -436061 (base 9) in base 2?
-111111100011010100
What is 7020795 (base 11) in base 15?
1158490
Convert 164ab (base 14) to base 13.
1c536
Convert -11232024 (base 5) to base 16.
-18efb
What is 23baa (base 14) in base 4?
111111022
14b861d (base 14) to base 6
1001014123
Convert 45632b (base 12) to base 8.
4167523
112211211010 (base 3) to base 11
18a594
1112657 (base 11) to base 10
1950703
-2488000 (base 9) to base 2
-101001011011001010110
What is 10100240 (base 8) in base 9?
4005825
Convert 664870 (base 11) to base 6.
34421453
What is 85a333 (base 11) in base 12?
563aa2
Convert -53a7b (base 15) to base 10.
-265616
What is 375244 (base 10) in base 16?
5b9cc
What is -945 (base 13) in base 3?
-2011110
101211133 (base 6) to base 2
110101001101000100001
-4241314 (base 6) to base 10
-207694
Convert 322102104 (base 5) to base 16.
14cb5b
Convert -492131 (base 11) to base 3.
-1110120022002
What is -3120323104 (base 5) in base 15?
-86b639
-fb4a0 (base 16) to base 11
-64334a
Convert -1001002120012221 (base 3) to base 9.
-31076187
Convert b252e (base 16) to base 2.
10110010010100101110
Convert 1443a1 (base 11) to base 14.
5c20d
What is 10033650 (base 7) in base 5?
203111404
605c3c (base 14) to base 15
440d9a
-2221023200 (base 4) to base 12
-295028
-20122201110200 (base 3) to base 11
-1aa6814
17a962 (base 11) to base 13
99700
Convert 22ab1 (base 12) to base 6.
555141
Convert 370377 (base 9) to base 4.
312202123
73e09 (base 15) to base 8
1316053
What is b1316b (base 15) in base 8?
40061771
Convert 6b2877 (base 16) to base 6.
410304315
Convert 4892301 (base 10) to base 5.
2223023201
233434 (base 7) to base 5
2321232
-b4a7 (base 14) to base 12
-1600b
Convert -aba4 (base 12) to base 13.
-8848
What is -2a2303 (base 14) in base 6?
-51230303
1501742 (base 10) to base 5
341023432
2b5c8ca (base 13) to base 9
28147820
Convert 10011011010010101011 (base 2) to base 6.
21344443
What is -213243166 (base 7) in base 11?
-7219656
Convert 1327522 (base 10) to base 3.
2111110000111
What is 32113201 (base 4) in base 15?
12684
510aa3 (base 11) to base 16
c87e3
What is 1001110000100001011011 (base 2) in base 15?
357e13
385680 (base 15) to base 10
2701470
3b383b (base 14) to base 12
827b79
Convert -1835448 (base 13) to base 2.
-11110000111011000011101
Convert 8a8543 (base 13) to base 5.
1314240210
What is -68842 (base 9) in base 15?
-d8de
-6472 (base 9) to base 4
-1022123
What is 294b4 (base 12) in base 15?
12191
Convert -3561614 (base 7) to base 15.
-8de0b
Convert 3844284 (base 10) to base 15.
50e0a9
What is 32597 (base 10) in base 15?
99d2
Convert 1554122 (base 7) to base 13.
76bc2
Convert 1330123201 (base 4) to base 6.
14531321
Convert 110100101011100 (base 2) to base 4.
12211130
What is 55450 (base 14) in base 11?
131298
-134256 (base 9) to base 13
-2b350
Convert -11204431 (base 5) to base 13.
-36a49
Convert 20302103 (base 4) to base 13.
134c3
What is 65068 (base 13) in base 8?
544245
Convert -222020110 (base 3) to base 4.
-10222320
116c89b (base 13) to base 14
a06d44
What is 11001011110011011 (base 2) in base 15?
20db7
-2023144 (base 7) to base 14
-63c94
What is -1